t g(w) = i*n(w) - s(w). Give g(-4).
2
Let k be (-200)/52 - 4/26. Let w be (k + 33/12)*4. Let h(x) = x**3 + 6*x**2 + 3*x + 5. Give h(w).
15
Let h(u) = 64 + 5*u - 65 + 8*u. Give h(1).
12
Let f = 17 + -21. Let s(x) = x**3 + 5*x**2 + 3*x - 3. Determine s(f).
1
Let b(y) = y**3 - 5*y**2 + y + 3. Suppose -7 = 2*v - 13. Determine b(v).
-12
Let m = -28 + 26. Let u(k) = 5*k - 1. What is u(m)?
-11
Let i(h) = -2*h + 5. Let l(x) = -x + 3. Let d(g) = 3*i(g) - 5*l(g). Suppose -n + 0*f - 17 = -5*f, 2*n + f + 12 = 0. Calculate d(n).
7
Let d(q) = q - 1. Let o(r) = 9*r - 2. Let f(h) = -d(h) + o(h). Determine f(-1).
-9
Let l(f) be the first derivative of -2 + 3/2*f**2 - 3*f + 2/3*f**3. Let g be (1 - 2)/((-1)/(-3)). What is l(g)?
6
Suppose -2*l + 3*l - 2 = 0. Let y be -2*((-21)/6 - -3). Let g(z) = -5 - 2*z**2 + y + 2 + 4*z. Give g(l).
-2
Let x(g) = 37 + 39 + 9*g**2 + g - g**3 - 77. Calculate x(9).
8
Let o(n) = n**3 + 5*n**2 - 6*n + 1. Let k(t) = t**3 + 13*t**2 - 14*t - 6. Let l be k(-14). Determine o(l).
1
Let s(p) = -p**3 + 6*p**2 - 5*p + 3. Suppose 4*o - 13 = -3*m, 3*o + 16 = 4*o + 5*m. Let z be (o - 2)*-3*5. Suppose -6*f + z = -3*f. Determine s(f).
3
Let m(r) = 1 - 7 - 2*r + 19*r**2 - 18*r**2. Determine m(5).
9
Let h(j) be the second derivative of -j**4/12 + 8*j**3/3 - 8*j**2 - 13*j. Let k be h(15). Let b(s) be the first derivative of 3*s**2/2 + s + 1. Give b(k).
-2
Let u = 48 - 49. Let n(m) = -14*m + 1. Calculate n(u).
15
Let a(h) = h**2 + 6*h + 5. Suppose 2*s - s - 10 = 0. Let x = s + -4. Let q = x + -10. Determine a(q).
-3
Let r(p) = 8*p**2 + 32*p + 2. Let c be r(-4). Let h(f) = f**2 + 2*f - 3. Calculate h(c).
5
Let n(p) be the third derivative of -p**4/12 - p**3 - 2*p**2. Let u be n(-5). Let w(g) = 2 + u*g - 4 - g**2 + 0. Calculate w(2).
2
Let o(z) = -z - 10. Let m(x) = x**2 - x - 5. Suppose f = -2*v + 5, -4*f = 7*v - 2*v - 20. Let g be m(v). What is o(g)?
-5
Let g(s) = -s**3 + 5*s**2 - 3*s - 2. Let n be g(4). Let h(k) = 4*k - 3. What is h(n)?
5
Let l = 3 + -1. Let n(q) = -4*q**3 + q**2 - 3*q + 3. Let o(x) = -15*x**3 + 4*x**2 - 13*x + 13. Let i(r) = l*o(r) - 9*n(r). Calculate i(1).
5
Let o(w) = 5*w**2 - w. Let y be (-21)/(-12) - 4/(-16). Suppose y*k = n - 6, -5*n + 11 = k - 8. What is o(k)?
6
Suppose -3*n - x + 1 = -0*x, 0 = -5*n + x + 15. Let l = -2 - n. Let o(r) = 0 + 2*r + 1 - 3*r. What is o(l)?
5
Let k(v) = -2*v. Suppose -2*j - 42 = -38. Give k(j).
4
Let b(m) be the first derivative of m**3/3 - m**2 - 35. Calculate b(2).
0
Let n(z) be the second derivative of z**8/6720 + z**7/2520 - z**6/720 + z**5/60 + z**4/6 - 4*z. Let x(l) be the third derivative of n(l). Give x(0).
2
Suppose 0 = 2*f + 10 - 2. Let h be f/14 + 78/(-21). Let p(k) = 0 - 2 + 0 + 2*k - 3*k. Determine p(h).
2
Let d(z) be the third derivative of z**5/60 + z**4/8 - z**3/6 + 31*z**2. Determine d(-3).
-1
Let b = 1 + 1. Suppose 0*t - b*t = -8. Let v(z) = -t - 1 - z + 0. Give v(5).
-10
Let h(x) = -x**3 + x - 7 - 2 + x**2 - 2. Let d(n) = n**2 + 10*n + 1. Let v be d(-8). Let r = -15 - v. Give h(r).
-11
Let v(r) = 5*r + 10. Let c(z) = -z. Let g(i) = 4*c(i) + v(i). Give g(-6).
4
Let v = -28 - -22. Let a(j) = -2*j - 7. Calculate a(v).
5
Let h(k) be the second derivative of -k**5/20 - 2*k**4/3 + k**2 + 8*k. Give h(-8).
2
Let d(y) = 0 - y**3 + 3*y + 0*y**2 + 0*y**2 + 2. Give d(-2).
4
Let m be (-9)/15 + 4/(-10). Let l(o) = 5*o**3 + 2*o**2 - o - 4. Let t(w) = -w**3 - w**2 + w + 1. Let f(b) = m*l(b) - 4*t(b). What is f(2)?
-6
Let s(n) = 8*n + 4. Let a(p) = -p - 1. Let k(u) = 5*a(u) + s(u). Calculate k(-3).
-10
Suppose -r - 4*t + 17 = -0*r, 0 = -2*t + 4. Let f(w) = 0 - w + 5*w**2 - 8 + r. What is f(1)?
5
Let r(x) = -x**2 + 5*x. Let q(d) be the first derivative of d**3/3 + 3*d**2/2 + 4*d + 1. Suppose -1 = 4*f + 11. Let c be q(f). Give r(c).
4
Let c(v) = v. Suppose 1 = 2*y - 1. Calculate c(y).
1
Let k be (-8)/(-20) + (-48)/20. Let q(g) = -2*g**2 - g - 2. What is q(k)?
-8
Let h be (-5)/(0 - (1 + -2)). Let t be (-6)/15 + (-2)/h. Suppose t*s - s + 3 = 0. Let z(j) = -2*j - 1. Determine z(s).
-7
Let z(v) = 4*v**2 + 2*v - 9. Let m(d) = 5*d**2 + d - 10. Let t(r) = -6*m(r) + 7*z(r). What is t(5)?
-13
Let o(h) = 0*h**2 + 1123 - 3*h + 4*h - h**2 - 1120. What is o(-3)?
-9
Let j(y) be the first derivative of -y**2 - y + 7. Give j(4).
-9
Let y(n) be the third derivative of n**5/60 + n**4/24 - 7*n**3/6 + 12*n**2. Give y(-5).
13
Let b(r) = -r**3 - 4*r**2 + 4. Let m be b(-4). Let n(x) = -1 + 2 + m*x - 3 + 1. What is n(-2)?
-9
Let y(z) be the first derivative of 3*z**2/2 - 5*z + 2. Let k(n) = n**2 - 7*n + 4. Let i be k(6). Let x = 6 + i. Give y(x).
7
Let h = -464/3 + 156. Let q(x) be the first derivative of -h*x**3 - 6*x - x**2 - 1/4*x**4 + 3. Determine q(-4).
2
Let f(o) = o**3 + o**2 - o - 1. Let n(w) = -6*w**3 - 8*w**2 + 3*w + 6. Let i(a) = -4*f(a) - n(a). Calculate i(-2).
-4
Suppose -4*b = 0, -3*a - 5*b = -2*a. Suppose a*z = 3*z. Let c(s) = 9 + 0*s**2 + 15*s**3 - 14*s**3 + s + 0*s**2. What is c(z)?
9
Let b(o) = -o + 0 + 1 + 0. Let z be (-1)/(-4) - (148/16 - 5). Give b(z).
5
Let q = 3 + -4. Let z(t) = 12*t**3 - t. Determine z(q).
-11
Let q(j) = -j - 5 + 5 - 9. Give q(0).
-9
Let r(a) = a**2 - a - 4. Let g = -6 + 10. Suppose g*f = f. Let d be 1 - (f + 2) - -1. Give r(d).
-4
Let t be (-7)/3 + (-4)/6. Let y = 4 - 3. Let g(w) = w**2. Let f(q) = 5*q**2 + q + 2. Let k(x) = y*f(x) - 4*g(x). Determine k(t).
8
Let o be (-2 + 1)/(-1) + -4. Let b = -1 + 4. Let d(k) = -k - k + b*k**2 + k + k**3 + 2. What is d(o)?
5
Let h(d) = d - 3. Let g be h(7). Let a be (-210)/(-55) - g/(-22). Let z(l) = 3*l - 4. Determine z(a).
8
Let d(b) = b + 4. Suppose -4*s + 59 = 3*z, 5*s - z = 34 + 54. Let n be s/(-3) - 18/(-27). Calculate d(n).
-1
Let q(r) = -r + 2. Suppose 0*l + l = 7. Let t = 11 - l. Give q(t).
-2
Suppose -10*u = -7*u - 21. Let m(g) = g**3 - 6*g**2 - 6*g + 1. Give m(u).
8
Suppose 7 = 3*l + 4*q, -2*q = 4*l + 7 - 23. Let w(s) = 6 + s - 6 - 3*s - s**3 - l*s**2. Determine w(-4).
-8
Let y(a) = 4*a - 3 - 77*a**2 - a**3 + 79*a**2 + 1. Give y(3).
1
Let z(c) = -c**2 + 7*c - 4. Let d(y) be the first derivative of y**2/2 - y + 2. Let i be d(-4). Let l = i - -9. What is z(l)?
8
Let g(o) = 5*o**2 + 3*o - 3. Let u(r) = r**3 + 15*r**2 + 15*r + 16. Let c be u(-14). What is g(c)?
23
Let o(p) = -5 + 3*p**2 - 4*p**2 - 12 + 14*p + 13. Determine o(14).
-4
Suppose -2*o - 3*t = -19, 3*o + 6 + 8 = 4*t. Let r(k) = -2 - o - 2*k - 3. Let q be (-1)/(2 + (-9)/5). What is r(q)?
3
Let t = 68 + -66. Let r(u) = -2*u**3 + 3*u**2 - 8*u + 8. Let m(x) be the second derivative of -x**3/6 + x**2/2 - 2*x. Let v(j) = 6*m(j) - r(j). Give v(t).
6
Let t(i) = -3*i**2 - 1. Suppose -a - 1 = -5*c - 4, 3 = c + a. Suppose 5*y + 9 - 50 = 4*h, 5*y - 3*h = 37. Suppose y = -c*s + 5*s. What is t(s)?
-4
Suppose 0 = -2*r + 7*r - 10. Let l(x) = 4*x - 7*x**2 - 1 - 5*x + 8*x**r. Give l(-2).
5
Let i(d) = 5*d + 1. Suppose 0 = -o - 3 + 4, -7 = -y - 3*o. Suppose y*p + u + 8 = 0, -5*p + u = -2*u + 10. Calculate i(p).
-9
Let c(h) = h - 3. Let z = 9 + -15. Let k be 8/z*6/(-2). Suppose 4*s - k = -16. What is c(s)?
-6
Let j(k) = k - 3*k - 3 + 4. Let i be 2/(-6) - 52/(-12). What is j(i)?
-7
Let p(h) = h + 11. Let t be p(-7). Let d(l) be the third derivative of -l**6/120 + l**5/12 - l**4/6 - 2*l**2. Calculate d(t).
0
Let n(d) be the second derivative of d**8/6720 + d**7/504 - d**6/180 + 7*d**5/120 + d**4/4 + 3*d. Let c(b) be the third derivative of n(b). What is c(-6)?
-5
Let f(k) be the first derivative of k**4/4 + 8*k**3/3 + k**2/2 + 10*k + 1. Let b be f(-8). Let v(s) = 0*s**2 - 4*s**2 + 5*s**2 + b*s. Calculate v(-2).
0
Let i(c) = -c**2 + 5*c - 1. Let l(w) = -w - 4. Let b be l(-6). Suppose b*d + 22 = 4*r, 3*d + 16 = -3*r - 2*d. Calculate i(r).
5
Let p(f) = -f**2 - 5*f - 5. Let d be p(-5). Let u(j) = -j + 1. Determine u(d).
6
Let t(q) = q**3 - 3*q**2 - 2. Let d be t(3). Let o be 0*3/9 + d. Let r = 4 + o. Let w(j) = -2*j. Give w(r).
-4
Let y(r) be the first derivative of -r**7/140 + r**6/360 + 4*r**3/3 - 3. Let z(a) be the third derivative of y(a). Let t be -2*((-1)/(-2) - 0). Calculate z(t).
7
Let j(i) = -i**3 + i**2 - i + 1. Let r(n) = -5*n**3 + 7*n**2 - 4*n + 1. Let x(b) = -4*j(b) + r(b). Calculate x(3).
-3
Let z(k) = k**2 + 2*k - 1. Let x = -30 + 33. What is z(x)?
14
Let k be 8/(-5) - (-60)/100. Let p